 + 1. Let l(k) = 27*k + 53. Let m(j) = j**3 - 37*j**2 - 38*j - 2. Let x be m(38). Let o be l(x). Calculate t(o).
3
Let q(i) = i - 5. Let t(y) = 12*y**3 + y**2 + 3*y - 5. Let h = -15 + 16. Let m be t(h). Calculate q(m).
6
Suppose 9*g = 45 - 0. Let j = 5 + -2. Let w(p) = 0 - j*p**2 - 5*p + 2*p**2 - 1 + 2*p**2. Determine w(g).
-1
Let i(w) = w + 2. Let n(h) = -13*h - 71. Let c be n(-16). Let u = c + -144. What is i(u)?
-5
Let z = 995/678 + 11/339. Let n(x) be the second derivative of -z*x**2 + 0 + 8*x - 1/12*x**4 + 1/2*x**3. Give n(4).
-7
Let l(t) be the second derivative of -t**4/12 - 11*t**3/6 - 3*t**2 + 297*t - 4. Calculate l(-4).
22
Let u be (3 + 0 - 0) + 1. Let b(o) = -10 - 3 + 21 - 17*o + 15*o - 6. Give b(u).
-6
Let m = -279 - -284. Suppose u - 4 = -o, -u + 3*o + m = -7. Let l(c) = 2*c - 7. Calculate l(u).
5
Let j(k) be the second derivative of k**5/10 - 5*k**4/12 + 2*k**2 + 697*k - 1. Calculate j(-2).
-32
Let v be ((-402)/4 + 2)*(0 + -2). Let b = -192 + v. Let z(f) = -f**3 + 6*f**2 - 6*f + 4. Give z(b).
-1
Let b(p) = 62*p**3 + 12*p**2 + 14*p + 13. Let m(a) = -53*a**3 - 10*a**2 - 13*a - 12. Let z(i) = -6*b(i) - 7*m(i). What is z(3)?
-18
Let g(f) = 7*f - 80 - f + 34 - 5*f + 43. Let w(n) = n**3 + 6*n**2 + n + 8. Let z be w(-6). Suppose 5 = h - z*h. Calculate g(h).
-8
Let n(f) be the first derivative of -4*f**2 + 145*f + 2003. Determine n(18).
1
Let u(t) = -2*t**2 - 4. Let x = 5447 - 5449. Determine u(x).
-12
Let o = -20938 + 20937. Let m(d) = -8*d - 8. Determine m(o).
0
Let s(m) be the third derivative of -m**5/12 - 5*m**4/24 + 11*m**3/2 - 12412*m**2. What is s(3)?
-27
Let l(p) be the second derivative of -1/10*p**5 + 1/6*p**3 - 70*p - 1/3*p**4 + 1/2*p**2 + 0. Give l(-3).
16
Let m be ((-1034)/44 - -21) + (-13)/2. Let a(s) = s**2 + 11*s - 14. Calculate a(m).
-32
Suppose -4*t = 3*s - 595, 4*t = -2*s - 199 + 789. Let j = t - 145. Let n(k) = k**2 - k + 9. Determine n(j).
9
Suppose -53*n + 15*n - 291 = 127. Let h(w) = w**3 + 12*w**2 + 14*w + 12. What is h(n)?
-21
Let g be 1*(10 - 22) - 5/(-1). Let s(n) = n**3 + n + 2 - 2*n + 7*n**2 + 6. Give s(g).
15
Let i(z) = z**3 + 25*z**2 + 44*z - 41. Suppose 2*y = 0, 2*f - 202*y - 46 = 4*f - 197*y. Calculate i(f).
5
Let h(y) = -2431 + 74*y - 84*y + 5163 - 2573. What is h(19)?
-31
Let u(l) = -18*l + 79. Let i(t) = 92*t - 406. Let d(g) = 2*i(g) + 11*u(g). What is d(5)?
-13
Let h(c) = -10*c + 4*c + 0*c + 7*c + 0*c. Let t = 18 + -18. What is h(t)?
0
Let q(x) = x. Let r be q(4). Let w(f) be the first derivative of f**6/360 - f**5/15 - 4*f**3/3 + f + 50. Let s(d) be the third derivative of w(d). Give s(r).
-16
Let v(h) = -h**2 + 18*h + 43. Let i be v(20). Let y(d) = -d**i - 11*d**2 + 11*d + 0*d - 13 - 10*d. What is y(-11)?
-24
Let m(y) = y**3 - 94*y**2 + 2129*y - 51. Let h be m(38). Let l(r) = -8*r - 62. Give l(h).
42
Let y(u) = u**2 + 19*u + 72. Suppose 86*s - 40*s = 39*s - 91. Calculate y(s).
-6
Let v(o) = o - 13. Let x(s) = 38*s + 232. Let c be x(-6). Suppose 0 = -5*t - c*m + 49, -4*t - 3*m = -0*t - 39. Give v(t).
-4
Let z be -7 + 43 + -35 + (-3)/(3/8). Let k(n) = n**3 + 5*n**2 - 10*n + 11. Give k(z).
-17
Suppose -2*f = 2*r, -3*r - 2*f = -4*f - 35. Let d(w) = -w**2 + 19*w - 2. Determine d(r).
82
Let d(p) = -7*p**2 + p - 1. Let h be d(-1). Let z(w) be the first derivative of w**3/3 + 5*w**2 + 3*w + 56. What is z(h)?
-6
Let n(b) = 16*b**2 + 84*b + 138. Let u(h) = 7*h**2 + 40*h + 68. Let c(l) = -3*n(l) + 7*u(l). Calculate c(-27).
35
Let m(d) = d**2 + 8*d - 75. Let x be (418/(-33))/(2/3) + 7. Calculate m(x).
-27
Let w(f) = -f**3 + f**2 + 9*f + 2. Let p(q) = 5*q**3 - 4*q**2 - 42*q - 3. Let o(k) = -p(k) - 4*w(k). Determine o(3).
-14
Let n(v) = v**3 - v**2 - 3*v + 4. Let q be n(1). Let p(y) = -53*y**3 + 2*y - 1. Give p(q).
-52
Let p(q) = -q**2 - 9*q + 5. Suppose 0 = 9*f - 378 + 54. Suppose 0 = -5*s - g - f, g + 4*g = 5*s + 60. Determine p(s).
13
Let b be 2 + -6 + (48/21)/((-10)/(-35)). Let a(g) be the third derivative of -1/24*g**b - 5/6*g**3 - 8*g**2 + 0*g + 1/120*g**6 - 1/10*g**5 + 0. Give a(6).
-11
Let i(s) = 4*s**2 - 19*s + 22. Let y be i(2). Let x(l) be the second derivative of 1/10*l**5 + y + 0*l**4 - 1/3*l**3 + 11*l + 1/2*l**2. Determine x(-2).
-11
Let f(w) = 9*w**2 - 381*w + 122. Let b(h) = -4*h**2 + 161*h - 61. Let y(p) = -7*b(p) - 3*f(p). Determine y(-10).
1
Let v(r) be the first derivative of r**3/3 - 7*r**2/2 + 3*r + 185. Suppose -p + 4 = -d, p + 3*d - 8 = -p. Suppose 6*t - p*t = 14. What is v(t)?
3
Let v = -2 - -6. Let q = -1 + v. Let x(m) = -17*m**3 + 13*m**2 + 16*m - 9. Let n(f) = 5*f**3 - 4*f**2 - 5*f + 3. Let o(g) = -7*n(g) - 2*x(g). Give o(q).
-3
Suppose 0 = 23*l - 22*l. Let z be -1*(-5 - (l - 3)). Let k(d) be the third derivative of d**6/60 - d**5/60 + d**4/24 - d**3/6 + 3*d**2. What is k(z)?
13
Let f = -116 - -140. Let j(n) = 2 - 1 + 15*n - 2 - f*n - 1. Give j(-6).
52
Let y(m) = m + 506. Let p(u) = -6*u - 3795. Let k(d) = -4*p(d) - 30*y(d). Let f = 0 + -1. Give k(f).
6
Suppose 5*w + 4*h + 51 = 0, -7*h = 5*w - 6*h + 24. Let n(f) = -3*f**2 - 5*f - 4 - 3*f**2 + 3*f**2. Calculate n(w).
-16
Let u(x) = x**2 - 4*x - 3. Let v(b) = 2*b**2 + 14*b + 10. Let m be v(-1). Calculate u(m).
9
Let w(v) = -v**3 + 51*v**2 + 410*v + 19. Let d be w(-7). Let q(g) be the third derivative of 0 + 0*g + 1/3*g**4 - 1/6*g**3 + 1/60*g**5 - 3*g**2. Give q(d).
8
Let n(y) = -7*y**2 + 8*y + 2. Suppose -250 = 5*b - 265. Let l(w) = -16*w**2 + 18*w + 5. Let c(m) = b*l(m) - 7*n(m). What is c(6)?
25
Suppose 0 = 4*u + 16, -7*f - 4*u - 26 = -5*f. Let v(g) = -5*g + 5 + 337*g**2 - g**3 + 4*g - 342*g**2. What is v(f)?
10
Let w be (-300)/(-25) + (0 - 4). Let g(t) = -23*t**3 - w + 11*t**3 - 7*t + 7*t**2 + 2*t + 11*t**3. Calculate g(6).
-2
Let g(a) be the second derivative of -a**5/20 + 25*a**4/12 - a**3/6 + 7*a**2 - 1514*a. Calculate g(25).
-11
Let f(t) = -t - 1. Let h(c) = -c - 1. Let u(k) = -5*f(k) + 4*h(k). Let w = 24 - -8. Let n = 35 - w. Calculate u(n).
4
Let d = -308 - -289. Let j be (6 - 17/3)*(d - 2). Let x(n) = n**3 + 7*n**2 - n + 8. Calculate x(j).
15
Let p be ((-1)/3 + 6/18)/(123 - 120). Let q(u) = -u**2 + 9*u + 3. Calculate q(p).
3
Let b(r) = -3*r**2 + 0 - 4*r - 231*r**3 + 1 + 230*r**3 - 3*r**2. Let v be 16/2*4/(-8). Determine b(v).
-15
Suppose 0 = -801*z + 803*z + 580. Let k = 292 + z. Let d(y) = -10*y + 3. What is d(k)?
-17
Suppose 0*l = 3*t - 5*l + 38, -3*l = 3*t + 6. Let v(j) be the second derivative of j**3/2 + 3*j**2 + 1495*j. Calculate v(t).
-12
Let c(q) = -7*q - 19. Let w(k) = k**3 + 36*k**2 - 38*k - 36. Let z be w(-37). Let a(g) = 2*g + 3. Let o(s) = z*c(s) + 3*a(s). Calculate o(-9).
-1
Let g(h) be the first derivative of 1/2*h**2 - 5*h - 123. Calculate g(12).
7
Let t(k) = -k**3 + 6*k**2 - 4*k + 3. Let c be t(5). Let w be 26/(c/((-8)/2)). Let i be 5*((w - -9) + 17/5). Let u(a) = a**3 + 2*a**2 - 4*a - 1. Give u(i).
2
Let k(y) = y + 19. Let x be (-2)/11 + (-128)/22. Let l be 4/(-54) + x/(-81). Determine k(l).
19
Let t(m) be the first derivative of m**5/40 - m**4/8 + 5*m**3 + 25. Let l(s) be the third derivative of t(s). Give l(6).
15
Let g(l) = -49*l - 13. Let y be g(-2). Let b = y + -81. Let z(s) = -s**3 + 4*s + 4. Calculate z(b).
-44
Let k(t) = -2*t**3 - 37*t**2 + 4*t - 311. Let d be k(-19). Let w(f) = -f**2 - 25*f. Determine w(d).
-26
Let h(t) = 3*t - 2*t - 3*t + t**3 + 2. Let u be (-3)/(-5)*(-16 + (-1682)/(-87)). Give h(u).
6
Let g(v) = 2047 + 0*v - 2046 - 13*v. Let c be -3*((-56)/42 - (-2)/2). Give g(c).
-12
Let t(h) be the third derivative of 5*h**4/12 + 149*h**3/6 - 8*h**2 - 6*h + 4. Give t(-14).
9
Suppose 2*j + 5 = 3*u, 420 - 423 = u - 3*j. Let z(b) be the second derivative of -1/3*b**u - 1/20*b**5 - 3/2*b**2 + 0 - 3*b - 1/6*b**4. Give z(-2).
1
Let a(h) = h - 27. Let v(q) = q. Let r(b) = -a(b) - 4*v(b). Let u(k) = -7*k**2 - 106*k + 543. Let p be u(4). Determine r(p).
-8
Let f(t) = 11*t - 58. Suppose 34458*o + 80 = 34474*o. Give f(o).
-3
Let u(l) be the second derivative of l**8/2240 + l**7/1260 + l**5/60 - 5*l**4/12 - 3*l**2 + 7*l - 2. Let y(f) be the third derivative of u(f). Calculate y(-2).
-14
Let r(t) = 2*t - 62. Let w(k) be the third derivative of -k**4/24 + 11*k**3/3 + 11*k**2 + 2*k. Let h(b) = -4*r(b) - 11*w(b). Determine h(-7).
-15
Let b(q) be the third derivative of q**7/2520 + q**6/720 + q**5/12 - 7*q**